
Let d(z) = 31*z**2 - 20*z - 62. Let k be d(18). Is (-12)/(-54) - k/(-36)*46 a composite number?
True
Let h(d) = 5*d**3 + 12*d**2 + d + 12. Let n be h(10). Is n/24 - (-4)/(-16) prime?
False
Let l(v) = 54*v**2 + 23*v - 4. Let z(s) = 161*s**2 + 68*s - 13. Let k(n) = -11*l(n) + 4*z(n). Is k(-7) a composite number?
False
Let q = -10199 + 24090. Is q composite?
True
Let k = 3362254 - 1935713. Is k prime?
True
Let u be 0/((-9)/(-3)) + (66 - 1). Let c be u/(-10) + 6 + 941/(-2). Let t = -248 - c. Is t prime?
True
Suppose 3*d = 2*i - 63, -4*d = -2*i + 65 + 1. Suppose 5*n = 0, 4*w + 3*n + 7 = i. Suppose w*m = -5, -g = -2*m + 3*m - 162. Is g a prime number?
True
Let d = -54 - -42. Let p be 9/d - 332/(-16). Is 5070/34 + p/(-170) a prime number?
True
Suppose -28 - 38 = 649*k - 671*k. Suppose -3*w + 5*o + 738 = 0, 4*w + 487 = 6*w - 5*o. Suppose -k*d - 4*q = -2353, -3*d - w = -5*q - 2622. Is d composite?
False
Suppose 0*q = -4*q - 3*j + 27, 0 = 2*q + 3*j - 21. Suppose 2*c - 386 = c - q*o, 5*c - 1930 = -3*o. Let a = c - -171. Is a composite?
False
Let p = -67 + 82. Let b(v) = 4*v + p - 30*v + 0*v - v**3 - 14*v**2. Is b(-14) composite?
False
Suppose i = 2*i + 4*z - 208095, 0 = 5*i - z - 1040307. Is i a prime number?
False
Let c = -29576 + 73471. Is c prime?
False
Suppose 1624*u + 1748247 = 1643*u. Is u prime?
False
Let p be (-2)/1*(-10)/5. Let g be -3*2*p/6. Let n(q) = 206*q**2 + 5*q - 5. Is n(g) prime?
True
Suppose 4*m = -2*g + 14, g - 16 = -3*g + 4*m. Suppose -3*d + 10 = -g*d. Is d*15/(-25) - -1148 a composite number?
False
Let x(b) = 21*b + 11*b + 6 - 5 - 9*b. Let i be x(2). Suppose -2*p - i = -3*r + 908, -p = -1. Is r a prime number?
False
Let i = 48069 + -25994. Suppose i = -9*u + 14*u. Is u a prime number?
False
Let u(p) = 3*p**3 - 26*p**2 - 28*p + 84. Let c be u(12). Suppose 5*a - 2*k = -7*k + 3935, 3963 = 5*a - 2*k. Let w = c - a. Is w composite?
False
Suppose 0 = 11*t + 54 + 89. Let m(s) = -761*s - 360. Is m(t) composite?
False
Let z = -100054 + 140592. Is z prime?
False
Let u(h) = -3130*h + 4819. Is u(-9) composite?
True
Suppose -5*a + 21 = -p - 2, 4*a - 5*p = 10. Suppose -a = -3*r + 40. Is (1 + 0)/(r/3765) prime?
True
Suppose -n = -4, -4*n = -3*q + 8830 + 25153. Is q prime?
False
Let o = 46198 + -14687. Is o composite?
False
Let j = -320 - -578. Suppose 5*f + 5 = 0, 4*v + 3*f + 528 = -2471. Let a = j - v. Is a a composite number?
True
Suppose -2*n = -2*g + 189148, 73*g - 378269 = 69*g - 5*n. Is g a composite number?
True
Let p(v) = v**3 + 3*v**2 - v + 12. Let c be p(0). Suppose -2*k = -c*k + 49030. Is k prime?
True
Let z(s) = 896 - 177 + 40*s**2 + 3*s + 42*s**2 - 83*s**2. Is z(0) a composite number?
False
Let z(u) = -532*u - 3 + 547*u + 49*u**2 - 2. Let s be 8 - 18/6 - (0 - -1). Is z(s) prime?
True
Suppose -23*n + 22*n - 2215 = 0. Let j = n + 3182. Is j composite?
False
Suppose -5*s + 116388 - 3235 = 2*d, -2*d + 5*s = -113123. Is d a prime number?
True
Let g be (-6)/2*(-2)/3. Suppose -3*z - 409 - 53 = -3*d, 2*z + 324 = -g*d. Let n = 93 - z. Is n prime?
True
Let x = 155973 - 74594. Is x composite?
True
Let i(g) = 169*g - 7. Let u(t) = 510*t - 28. Let c(y) = 340*y - 19. Let k(b) = -7*c(b) + 5*u(b). Let d(q) = 6*i(q) - 5*k(q). Is d(4) prime?
False
Suppose 3*b = -3*j + 1921458, -99*j = -5*b - 95*j + 3202403. Is b prime?
True
Suppose -3*s = 2*q - 4*q, 5*q = -s. Suppose s = -23*g + 20*g + 8301. Is g prime?
True
Suppose 4*r - 2*k = 531606, 40*r = 45*r - 3*k - 664508. Is r a prime number?
False
Let b(z) be the first derivative of -127*z**4/4 + z**2/2 + z + 813. Let v be 1/(0 + -2 + 1). Is b(v) a composite number?
False
Let w be -7 + 6 - 1*10/(-2). Let k be 0 + 1 + w - -3. Is -2*2/k*(-8051 + -11) a composite number?
True
Suppose 0 = 4*i + 3*l - 28865, -2*i - 2*l = 2*i - 28866. Is i composite?
True
Suppose -14 = 3*u + 5*d + 7, 0 = 3*u + 3*d + 15. Let p be (-198)/(-12) - (-1)/u. Is 2/(-8) - (-3188)/p prime?
True
Suppose 33 - 13 = 3*l - 2*d, -2*d = 3*l - 16. Let k(h) = -5*h**3 - 3*h**2 - h - 13. Let q(z) = z**2 + z. Let p(j) = -k(j) - 5*q(j). Is p(l) a prime number?
True
Let x(l) = 318*l + 1343. Is x(25) a composite number?
False
Is 782938 + 139 + 0*(-1 + 2/4) a prime number?
True
Suppose 161*a - 45*a + 122032 = 0. Suppose -g = -2*g - 639. Let b = g - a. Is b composite?
True
Suppose 0 = -5*x + 8*j - 5*j + 196979, -3*x = -4*j - 118183. Is x composite?
False
Suppose 119 = 2*v + 3*y, 3*v - 5*y - 167 = 2. Let l = v + -55. Suppose 2*n + 1340 = l*u - u, -3*u + 5*n = -2008. Is u a prime number?
False
Let c be (32/40)/((-4)/25240*-4). Let l = c + -465. Is l a prime number?
True
Let j(z) = z**3 + z + 1. Let m(s) = 5*s**3 - 4*s**2 - 2*s + 18. Let f(p) = 6*j(p) - m(p). Let t be 5/((-20)/(-44)) + -2 + -2. Is f(t) composite?
True
Suppose -b = -3*b. Suppose 0 = -2*y - 3*l + 3538, 0 = y - b*y - 5*l - 1756. Is ((-13)/26)/((-1)/y) a composite number?
False
Let k(q) = 15*q - 57*q - 49 + 62. Is k(-5) a prime number?
True
Let y(o) = 3259*o**3 - 5*o**2 + 5*o - 9. Is y(2) a prime number?
True
Let p(c) = 143*c**2 + 56*c + 1857. Is p(-22) prime?
False
Is 485521 - 22/(-11 - -10) composite?
False
Let q(a) be the third derivative of 4*a**3 + 0 + 8*a**2 + 0*a + 7/24*a**4. Is q(13) a composite number?
True
Is (-1)/((-1)/(-8)) + (23 - (-10396150)/25) a composite number?
False
Let v(i) = i**2 + 26*i + 1. Let z be v(-27). Is (-4)/(z/(-3)) - (-38504)/7 a prime number?
True
Is (14/(-8))/(-2 + 8 + 1050365/(-175060)) prime?
False
Suppose 9 = -h + 4, 4*h = -f + 208865. Is f composite?
True
Let i(w) = -9*w**3 + 8*w**2 + 5*w - 12. Let t be i(-7). Suppose -o + 928 + t = 0. Suppose 0 = -6*g - 2*g + o. Is g prime?
False
Let k = -47 + 48. Let h be k + (5 - 2 - 6). Is 472 - -3 - (-2 + h) a prime number?
True
Suppose -17*x - 4*m - 880488 = -21*x, 0 = -3*x - 5*m + 660374. Is x a prime number?
True
Let d(z) = -24*z - 135. Let r be d(-6). Suppose 29*g = r*g + 98300. Is g a prime number?
False
Let j(o) = o**2 - 33*o + 206. Let g be j(25). Suppose -g*s = 2*p - 49514, 6*p - 24747 = -3*s + 3*p. Is s a prime number?
False
Suppose -3*k + 1990822 = 180*z - 178*z, 5*z - 4977013 = 3*k. Is z composite?
True
Let y(i) = -i**3 + i + 9. Let v be y(-3). Let d(u) = -4*u + 7*u + 7*u - v. Is d(8) composite?
False
Suppose -3*l - 7*v - 4 = -9*v, 0 = -2*l + 3*v - 11. Suppose l*g - 11002 = 4*s, 2*s - 11020 = -2*g - 0*s. Is g a prime number?
True
Let b = -364 + 12472. Suppose b = -0*l + 4*l. Is l composite?
True
Let w be (-24386)/14 + ((-57)/7 - -8). Let i = 3215 + w. Is i prime?
False
Let k(j) = 18135*j**2 + 562*j + 16. Is k(-5) prime?
True
Suppose 0 = -2*g - a + 83249 - 13565, -2*g + 3*a + 69676 = 0. Is g a prime number?
True
Is -57337*(6 - (-56)/(3 + -11)) a composite number?
True
Let l be -1 + (-2)/(-4) - 21/(-6). Let f(y) = 36*y**3 - y**2 - 2*y + 4. Let c be f(l). Suppose -a = -c - 106. Is a a prime number?
False
Let o(i) = i**2 - 28*i + 51. Let w be o(13). Is (-2)/(-12) - 8/w*66039 a composite number?
True
Let x(l) be the third derivative of 133*l**4/24 - 5*l**3 - l**2 + 3. Suppose 7*o = 3*o + 28. Is x(o) prime?
False
Let t be 1/2 + (-2185029)/(-42). Suppose -t = -5*i - 3*d, 0 = -4*i + d + 41269 + 351. Is i a prime number?
False
Let w be (-1 + 2)/(((-6)/2715)/2). Let y = w - -1497. Let q = y + -318. Is q composite?
True
Let n(x) = 8598*x**2 + 61*x + 298. Is n(-5) a prime number?
True
Let l be (-1939311)/6 - 6/(-12). Is l/(-14) + 2 + 7 + -3 composite?
True
Suppose 3*b - 17 = 4*p, 4*b - 4*p = -b + 31. Is (8 - (b - -2))*1*-4007 a composite number?
False
Let d(q) = -23*q - 6. Let l be d(-1). Let b(w) = 123*w**2 + 22*w - 17. Let y be b(l). Is (-4)/12 - y/(-9) a prime number?
True
Let x(d) = 29*d**2 - 6*d - 10. Let r = 11 - 10. Let k be (4/10)/(r/(-10)). Is x(k) a composite number?
True
Let r be (0 + 54)*(-2)/(-12)*3. Suppose 0 = -30*u + r*u + 17769. Is u a prime number?
True
Suppose 4*p - 555 = -507. Suppose -4331 = -p*t + 5137. Is t prime?
False
Suppose -21*z = 680053 - 5244046. Is z composite?
False
Suppose 82*r = 80*r + 4. Suppose r*h - 5*l - 2149 = 0, -7*l - 5350 = -5*h - 2*l. Is h prime?
False
Suppose -56*r - 202 = -157*r. Let v = 2706 - 1858. Suppose 5*p + 5*a - 1607 - 538 = 0, 3*a = r*p - v. Is p prime?
False
Suppose -3*a - 14 = 43. Let m(k) = k**2 + 17*k - 42. Let v be m(a). Is -30*(-474)/8 - (-2)/v a composite numbe